e value of 4 + (7 - (11 + -2))?
2
-4 + -4 - (-6 + -5 + 4) - 12
-13
(-5 - -13 - -14) + (-8 - 0)
14
Calculate -7 + -14 + (-18 - -10) + 59.
30
(0 - 6) + (7 - ((4 - 0) + -4))
1
What is the value of -10 + 6 + 1 + -4 + 16?
9
1 + -11 - (0 - 10 - (56 + -68))
-12
23 + (-15 - (-14 - -5)) + -3
14
9 + (8 - 17 - -10)
10
-5 + 10 + 0 - (-4 + -1)
10
Calculate (-13 - (7 - 18)) + (9 - -1).
8
What is the value of 1 + 0 + (-12 - (2 + -21) - 13)?
-5
What is the value of 7 + (9 - (-4 - -12) - 5)?
3
Calculate -23 + 6 + 6 + 21.
10
Calculate 41 - (-31 - -53) - ((1 - -1) + 9).
8
What is -8 - (-2 + -15 + (-42 - -47) - 3)?
7
What is (16 - -1) + (-2 - (18 + -10))?
7
What is the value of -15 - (0 + (10 - -3) - (7 + 0))?
-21
Calculate (4 - 0) + (-28 - -7) + 10.
-7
What is 1 + -5 - 2 - (27 - (80 - 31))?
16
Calculate 158 + -168 + (-2 - (-2 + 3)).
-13
Calculate 18 + 0 + (47 - (42 - -24)).
-1
Calculate -4 + (27 - (-10 + 18)).
15
What is the value of -1 + 3 - ((-28 - -8) + 20)?
2
Evaluate -2 + (4 - (6 + -1)) - (-5 + 10).
-8
What is -3 + -7 + (22 - (-2 + 7))?
7
-3 + -5 - (-1 - 14) - (2 - -15)
-10
Evaluate (13 + -6 - 10) + 24 - 6.
15
-1 + (-12 - -24) + -14
-3
What is the value of (-7 - -21) + (0 + 18 - 56)?
-24
Calculate (-38 + (62 - 19) - (-1 + 9)) + -30.
-33
(2 - 0 - (10 + -1 - 9)) + -1
1
What is -1 + -17 + (23 - 11) + -5?
-11
Evaluate 3 + (-3 - (1 - 16)).
15
What is the value of -24 - (0 - (24 - 27))?
-27
What is 3 - (-12 + -1 + 9 + 14) - 11?
-18
Calculate -18 + 7 + 7 - -1 - 7.
-10
What is the value of -2 + 1 + (-6 + 4 - 4) + -3?
-10
What is 2 - -2 - (-1 - -4)?
1
What is the value of 2 - 1 - (-286 - -291)?
-4
What is 9 + (13 - (26 + -14))?
10
Calculate 4 + -8 + (9 - 0 - (7 + -7)).
5
-21 + -3 + 1 - (12 + -5)
-30
Evaluate (-41 - 2) + (-95 - -110) - -9.
-19
Evaluate -17 + 0 - (2 + -1 + 52 + -62).
-8
Evaluate 16 + -5 - (-16 + 23).
4
What is (6 - 15) + -13 - -9?
-13
35 - (-42 + 7 - -31)
39
Evaluate 3 + 7 - ((-1 - 0) + (3 - 8)).
16
Evaluate (0 - (-1 + -6)) + (1 - (-1 + 1)).
8
What is the value of (149 - 139) + (1 + 0 - 1 - -1)?
11
What is the value of -4 - -7 - 17 - (-5 - 13)?
4
What is the value of (25 - 55) + 13 + 31?
14
Calculate -9 + 5 + 16 + -13.
-1
-21 + -3 + (12 - 4) + 7 + -2
-11
Evaluate -13 + (-25 - -36) + (8 - 0) - 28.
-22
Evaluate 5 + 11 + 17 + -47.
-14
What is the value of 1 + -3 + -3 + 18?
13
What is 11 + (-22 - -8) - 11?
-14
-348 - -353 - (2 - 0 - 3 - 2)
8
Calculate (-4 - (-2 + -5)) + (1 - -10 - 16).
-2
What is (-31 - (7 - 29)) + -7?
-16
Calculate 15 - 25 - (-1 + 1) - -5.
-5
Evaluate -64 + 51 - (-11 + (1 - 0)).
-3
What is 0 + 2 + (3 - 10) - (2 - 1)?
-6
What is the value of 2 + 16 + -26 + 15?
7
What is (6 - 5) + (-7 - 1) + -2?
-9
Evaluate (-26 - -17 - -12) + 4 + 1 + 0.
8
What is the value of -5 - (14 + -6) - -20 - (-8 + -6)?
21
What is the value of -29 - (20 + -25 - 9)?
-15
-23 + -2 + (13 + -1 - (-18 - -22))
-17
What is the value of 0 + (-2 - (1 - -2)) - (178 + -197)?
14
17 - -4 - (6 + 6) - 5
4
Evaluate 14 + (1 + 11 - (-41 - -40)).
27
Evaluate 7 + -2 + (5 + -10 - -9).
9
Evaluate -2 + 12 + (6 - (27 - 26)).
15
Calculate 25 - 35 - (-31 - -20).
1
Calculate 964 - 977 - (-1 + -1 + 25).
-36
0 + 5 + (-10 - -1) + 3 + 1
0
What is 0 - -6 - (-1015 - -1005)?
16
2 - ((5 + 32 - 11) + -5)
-19
Evaluate -29 + 36 - (-3 + 0).
10
Calculate -9 - -4 - (1 - -15 - 15).
-6
Calculate -2 + (2 + -6 - (-20 - (-4 + 0))).
10
What is 264 - 269 - (-18 - 1)?
14
Calculate (-297 - -301) + (1 - 9).
-4
What is 21 + 3 - ((2 - 2) + 10)?
14
What is 17 - (0 + -2 + 8) - (-6 - -2)?
15
Calculate (-1 + (6 - 1) - 4) + -1 + -6.
-7
What is the value of 13 - (-18 + (12 - 3) - -5)?
17
What is the value of (9 - 0 - -3) + -63 + 56?
5
What is 9 + 4 + 4 - (-7 + 16 - 4)?
12
Calculate 0 + -24 + 39 + -18 + -1 + 5.
1
What is the value of (2 - (13 + -19)) + -14?
-6
What is the value of -234 + 229 + (1 - (-1 - -4))?
-7
Evaluate -2 + (-3 - 7) - (127 - 144).
5
-10 + 1 + (8 - (-4 - -1))
2
What is the value of (-7 - (-10 + 6)) + -3 + 27 + -2?
19
Evaluate (-11 - 5 - -14) + 1.
-1
Evaluate 410 + -406 - (-1 + 1 + 20).
-16
-42 + (50 + -18 - 13)
-23
Calculate (8 - (-3 - (-1 + -3))) + -1 + 7.
13
Calculate 20 + 24 + 8 + -32.
20
-17 + 34 + -8 - 12
-3
Calculate 10 - (-35 - -18) - 6.
21
What is 9 + (-19 - -8) + 0 + 7?
5
Calculate -9 + 1 + 9 + (-23 - -16).
-6
2 + (-5 - -13) - (4 + (24 - 21))
3
35 + -22 - (-1 + 25)
-11
What is the value of -6 + (-3 - -16) - 8 - -3?
2
What is the value of -13 + 34 + -20 - 8?
-7
What is 5 + (-12 - -5) + (-14 - -7)?
-9
Calculate 21 + -11 + -1 + -2.
7
Calculate -9 + (-7 - -11 - 6) + 18 + 11.
18
Evaluate 6 + (-11 - (-11 - -1)) + 17 + -1.
21
What is -346 + 342 - (0 + -31)?
27
Evaluate 1 - 13 - (358 - 356).
-14
What is 1 + (2 - (-7 + 5)) - -9?
14
Evaluate 8 + -9 + 3 + (-9 - 2 - -11).
2
-12 - (-33 - (-26 + -15))
-20
Calculate 0 - 11 - (16 - (21 + 3 - 11)).
-14
-1 + (0 - (0 + (-8 - 0)))
7
What is (34 - -18) + -50 + (1 - 20)?
-17
1 + -12 + 57 + (17 - 78)
-15
What is the value of -14 + (-9 - -12) + -2?
-13
Calculate -11 + 4 - (-17 - -9).
1
What is -1 + (-17 - ((-17 - -15) + (-4 - 1)))?
-11
-14 + 4 + -7 + 9
-8
What is the value of 0 + (13 - 4) - (19 + -4)?
-6
What is 7 + -5 + (11 - (4 + 1)) + 0?
8
What is -219 + 195 + (-4 - -17)?
-11
What is (8 - -2) + -12 - -11?
9
((4 - 7) + -6 - -18) + 3
12
What is the value of (9 - (-1 + 3)) + (14 - 20) - 0?
1
What is -1 - (5 + 0 + -4)?
-2
Calculate -15 + (-4 - -14) + (-6 + 3 - 1).
-9
Calculate 7 - (14 + 2 + -11).
2
What is (-2 - (14 + -30)) + (-3 - 4)?
7
4 - (-13 + 2 + 6 - 5)
14
What is 5 + 20 - 7 - 38?
-20
Calculate -1 - (5 + (-2 - 1)) - 11 - -3.
-11
-50 - -78 - (-1 + (2 - 2))
29
Calculate (2 - -15) + 139 + -138.
18
What is -8 + 18 + -11 + (-2 - 1 - -4)?
0
What is -15 - (-11 + 18) - -14?
-8
Evaluate -19 + 4 - 8 - -13.
-10
(-6 - 1) + 7 - (3 + -22 + 7)
12
What is the value of -74 + 81 - (5 - (-2 + 1))?
1
(-17 - -41) + -17 + -3
4
Calculate -12 - (26 + -8 + -26).
-4
Evaluate -89 + 38 + 2 - -26.
-23
What is the value of (-1 - (3 - 13 - -3)) + (-14 - 2)?
-10
What is 16 + 0 + -16 + 8 - 14?
-6
What is 0 + -18 + 3 + 14 + (-15 - -6)?
-10
What is the value of -1 + -4 - (-48 - -32)?
11
Calculate 177 - 175 - (-1 - 3 - (-6 + 3)).
3
What is -8 - (5 + (-9 - -10 - 41))?
27
What is the value of -5 + -2 + 3 - (-199 - -185)?
10
-8 - ((-14 + 4 - 13) + 9)
6
What is the value of -8 + 25 + 23 - 19?
21
What is the value of (0 - (25 - 14) - (-7 - 5)) + -28?
-27
Calculate -3 + 23 - 2 - (7 + 2).
9
What is -2 - (27 + -29 + 3)?
-3
Calculate (7 + -12 - -12) + -10.
-3
What is (30 - 60) + 25 - 12?
-17
Calculate (35 - (-17 - -37)) + -5.
10
What is the value of (1 - 21) + (-86 - -100) + 0 + -3?
-9
-11 - -3 - -15 - (2 - -1 - -12)
-8
Calculate -7 + -12 - (2 + -22).
1
-8 - 4 - (-64 - -22)
30
(1 - -1) + (242 - 254)
-10
What is the value of 19 + -2 - (301 - 273)?
-11
Calculate (-4 - 31) + 1 + 39.
5
Evaluate -10 + 17 + (-1 - (13 - (2 + -1))).
-6
Evaluate -2 - -31 - ((4 - (-10 + -9)) + -13).
19
What is the value of -2 - (3 - 6) - 9?
-8
6 - (9 - 3) - (49 - 45)
-4
Calculate (-6 - -3) + 2 - (5 - (17 - 34)).
-23
3 + -1 + (0 - 10 - (21 + -4))
-25
What is 1 - -1 - (-5 + 7 + -6)?
6
What is 14 + (-4 + 14 + -23 - -15)?
16
What is the value of -78 - (-44 - -9 - 9)?
-34
Evaluate -27 - (-40 + 4 + -11).
20
What is -8 + 0 + 17 + 5 + -3 + 7?
18
Evaluate -14 + 18 - (36 + 7 + (-3 - 3)).
-33
What is the value of 57 + (-31 - 11) - 19?
-4
Calculate -19 + 66 + -45 + 15.
17
What is the value of (-39 - -30) + (1 - -3)?
-5
Evaluate 18 + -1 + (29 - 16) + (-2 - 11).
17
What is the value of (4 + -6 + -4 - 1) + 15 + -24?
-16
Calculate (-5 - -5) + -7 - (-24 + 19) - -5.
3
Calculate (19 - 23) + 2 + 1 + -14 + 1.
-14
What is the value of 26 - (-8 + (11 - -11))?
12
Calculate -14 + (-21 + 36 - -17).
18
Evaluate -55 + 61 + (-2 + 4 - -5).
13
Calculate 10 - (5 - (16 + 8 + -11)).
18
Evaluate 68 - (20 - -71) - (1 + -13).
-11
What is -2 - (-8 - (-6 - 0))?
0
Calculate (33 - (44 + 5)) + 8.
-8
1 + -6 + 6 + 0 + -38 + 10
-27
Calculate (-7 - 0) + 19 + -3 + 6 + -16.
-1
-8 - (-11 + -3) - ((-2 - -5) + -6)
9
Evaluate -25 + 53 - (-5 - (14 - 29)).
18
Evaluate 10 - ((311 - 321) + (0 - 0)).
20
Calculate -6 + -8 + 23 + -11.
-2
What is the value of -53 + (34 + -20 - -22)?
-17
85 + -95 + (8 - -1) + -15
-16
Evaluate 7 + 3 - (-14 + (18 - (-3 - -4))).
7
What is -4 + (2 - 3) + 22 + -4?